(base 8) to base 3
-20201020121
Convert -113aa38 (base 11) to base 4.
-13212012320
Convert -1001001001110111110 (base 2) to base 14.
-7b462
What is -58a3767 (base 11) in base 5?
-10114010121
-230301002 (base 4) to base 8
-546102
-1014430 (base 9) to base 14
-101381
What is 27897a (base 11) in base 2?
1101010100010111101
2100438 (base 9) to base 7
12352661
What is -12364886 (base 9) in base 5?
-3023103011
What is -1011011101101110000 (base 2) in base 7?
-3123142
What is -80a06 (base 12) in base 8?
-506646
Convert 2045245 (base 6) to base 7.
563414
1113444 (base 5) to base 12
b602
What is -101120200122 (base 3) in base 9?
-346618
-296481 (base 10) to base 14
-7a093
Convert 112013011203 (base 4) to base 7.
100160346
-162774 (base 11) to base 15
-4ec27
Convert 300210213112 (base 4) to base 13.
283a76a
Convert -22443227 (base 9) to base 12.
-379422a
Convert 2021000021122 (base 3) to base 8.
4451345
-8ac45 (base 15) to base 2
-1101011110010101011
Convert 789888 (base 10) to base 5.
200234023
Convert -3264115 (base 7) to base 9.
-672881
1c21bc (base 16) to base 10
1843644
What is -13312221 (base 6) in base 13?
-127753
What is -1111120200211 (base 3) in base 14?
-16b147
Convert 32420543 (base 6) to base 14.
1b25b1
What is 1100010101000101000010 (base 2) in base 11?
1908332
-300014013 (base 5) to base 14
-2276a4
What is -123330120 (base 4) in base 13?
-40134
Convert 11222011022 (base 3) to base 2.
10111111000001010
What is 26960 (base 10) in base 7?
141413
Convert -4710 (base 9) to base 14.
-13b6
Convert -60429 (base 15) to base 3.
-120110221210
What is 61343 (base 11) in base 4?
111313303
243148 (base 11) to base 13
106216
Convert 202240042 (base 5) to base 11.
511041
221212022100 (base 3) to base 12
206723
Convert 238238 (base 10) to base 14.
62b70
-2066744 (base 10) to base 14
-3bb288
Convert 100100101122201 (base 3) to base 13.
104c29c
7957598 (base 10) to base 14
10b1ddc
What is 3a30d4 (base 16) in base 13?
a36a7c
What is 46c39a (base 13) in base 11?
a4a958
What is -141421 (base 8) in base 10?
-49937
Convert 355553 (base 9) to base 11.
136901
What is -13012120 (base 5) in base 16?
-1ebd6
40422 (base 13) to base 11
793a9
Convert -4473961 (base 10) to base 6.
-235520441
1001210201 (base 3) to base 4
11020012
What is 4a097 (base 16) in base 5?
34201010
Convert -2231000222 (base 4) to base 2.
-10101101000000101010
What is -142133 (base 8) in base 12?
-2510b
What is 77765 (base 9) in base 6?
1035052
5013550 (base 7) to base 13
179590
What is -1101000111101111000000 (base 2) in base 16?
-347bc0
Convert -1110100000010001110 (base 2) to base 16.
-7408e
322543 (base 8) to base 15
21e6a
What is 2523066 (base 8) in base 16?
aa636
What is 15bc299 (base 13) in base 2?
11010110010111010010001
Convert 11330110132 (base 4) to base 16.
17c51e
What is -10111050 (base 6) in base 5?
-33224004
-979a5 (base 12) to base 4
-300313031
What is 10012404 (base 5) in base 11?
54483
Convert 996860 (base 10) to base 12.
400a78
What is -210201200021 (base 3) in base 15?
-86ac7
Convert -15541426 (base 10) to base 15.
-156ed01
What is -1d09c9 (base 16) in base 7?
-22114151
What is -11001222102200 (base 3) in base 2?
-1000010000011111101100
What is 3363064 (base 7) in base 15?
84184
Convert -1441301 (base 8) to base 12.
-179541
-3456aa (base 11) to base 12
-225a02
Convert -25138 (base 10) to base 8.
-61062
Convert -314261 (base 12) to base 8.
-2750551
Convert -30004040 (base 5) to base 10.
-234895
Convert 2a65bf (base 16) to base 4.
22212112333
Convert 1256344 (base 7) to base 4.
220122001
What is -1012200100102000 (base 3) in base 12?
-5996600
Convert -182358 (base 12) to base 4.
-1212031310
Convert f3593 (base 16) to base 13.
28b8c6
Convert -7964 (base 12) to base 3.
-200110211
What is -12331221031 (base 4) in base 16?
-1bda4d
Convert 6a8cb9 (base 16) to base 6.
405355545
What is -155316 (base 11) in base 8?
-727213
Convert -569b47 (base 13) to base 12.
-82a096
-33420705 (base 8) to base 14
-d5c473
708cc1 (base 14) to base 9
7114767
-11c07 (base 14) to base 9
-65624
What is -660828 (base 10) in base 9?
-1216433
Convert a849 (base 12) to base 11.
12989
What is 20608 (base 12) in base 15?
c82e
22042420 (base 5) to base 4
232132120
What is -23441231 (base 5) in base 15?
-44a46
Convert 11d740 (base 15) to base 10.
855510
Convert -143515340 (base 6) to base 12.
-bb8b50
What is 124523353 (base 6) in base 12?
9b0559
What is -1323043350 (base 6) in base 12?
-5370556
Convert -10000100001100111010 (base 2) to base 5.
-114311443
604102 (base 9) to base 2
1010111001110101101
Convert -7026a (base 14) to base 3.
-111200112201
1dde22 (base 15) to base 10
1464557
Convert 413b2b (base 12) to base 15.
153112
18b83 (base 15) to base 16
1395f
-532655 (base 7) to base 12
-45482
Convert 2412a0 (base 13) to base 8.
3216547
What is 26ac4 (base 16) in base 7?
1226551
Convert 230013200 (base 4) to base 9.
304782
865235 (base 9) to base 8
1757015
What is a0318 (base 12) in base 8?
625704
-1c34c (base 13) to base 11
-38771
What is 120315354 (base 6) in base 9?
4232407
What is 111001111010101111110 (base 2) in base 11?
1086982
873432 (base 9) to base 8
1771233
43222630 (base 7) to base 6
211003144
Convert 541302332 (base 6) to base 2.
100100100100111010010000
Convert 375246 (base 12) to base 7.
10440513
-2002122002222 (base 3) to base 5
-241132341
-14763 (base 10) to base 15
-4593
What is 1587378 (base 12) in base 11?
2541316
What is -1101111101100000 (base 2) in base 6?
-1120424
Convert 130111414 (base 5) to base 12.
263bb4
Convert -1557322 (base 8) to base 13.
-129c33
Convert -12020020121022 (base 3) to base 2.
-1010100110101111010101
What is -114000025 (base 7) in base 12?
-2445067
What is -4211530 (base 6) in base 16?
-31c6e
212323110101 (base 4) to base 2
100110111011010100010001
Convert -3153183 (base 10) to base 5.
-1301400213
What is 2012301 (base 4) in base 2?
10000110110001
What is 1102500 (base 6) in base 15?
11499
4919727 (base 11) to base 14
11cc9b1
Convert -15600481 (base 9) to base 6.
-435023201
Convert 10010011111111010111 (base 2) to base 13.
182ba3
What is 11443552 (base 8) in base 9?
4643188
What is 31311311121 (base 4) in base 11?
2059065
Convert 1c39b (base 16) to base 10.
115611
3670754 (base 8) to base 7
11414014
Convert -231001130 (base 4) to base 8.
-550134
Convert 231110203 (base 4) to base 12.
8b517
Convert 120002120132 (base 4) to base 13.
13c813a
What is 2022011111 (base 3) in base 16?
b107
Convert 4312203343 (base 5) to base 6.
523015453
Convert -366452 (base 12) to base 13.
-24b55b
Convert 147721 (base 8) to base 2.
1100111111010001
What is 63b64 (base 14) in base 9?
406486
Convert -13838 (base 15) to base 8.
-172213
-1461762 (base 8) to base 7
-3362666
What is 17bb2a (base 12) in base 5?
101231420
What is -174567 (base 8) in base 4?
-33211313
Convert 102222101111202 (base 3) to base 8.
30220126
Convert 11421545 (base 8) to base 9.
4628513
Convert -1005220 (base 7) to base 5.
-12310401
Convert 40020110 (base 7) to base 11.
1953679
56b60 (base 12) to base 16
1c3f8
Convert -b6965 (base 12) to base 4.
-322203131
b45637 (base 13) to base 11
2416469
What is 149095 (base 10) in base 6?
3110131
Convert 1d123 (base 15) to base 11.
65214
What is -6026500 (base 10) in base 5?
-3020322000
Convert 12221100022110 (base 3) to base 8.
14024145
Convert -96d7 (base 15) to base 13.
-116bc
602682 (base 9) to base 7
3012545
What is -4640210 (base 7) in base 13?
-174698
-3243204230 (base 5) to base 3
-111011222112200
What is -101380 (base 9) in base 10?
-60093
What is -10102012200 (base 3) in base 11?
-46560
1226511 (base 7) to base 2
100110101010101000
Convert 562560 (base 7) to base 5.
11140124
254125115 (base 7) to base 15
163c918
Convert 1a0860 (base 16) to base 4.
12200201200
-30574 (base 14) to base 12
-573a2
Convert 2154452 (base 6) to base 16.
1a840
Convert 3f534 (base 16) to base 2.
111111010100110100
Convert 13da1 (base 16) to base 4.
103312201
What is -7387238 (base 9) in base 10?
-3955022
Convert 631001 (base 7) to base 11.
74486
Convert a6f4dc (base 16) to base 2.
101001101111010011011100
a5d9 (base 16) to base 10
42457
4ecc (base 16) to base 14
74cc
Convert -201320033 (base 4) to base 6.
-2550235
2f6582 (base 16) to base 7
35254625
Convert -69026c (base 13) to base 16.
-25ebf3
Co